{"id":1785,"date":"2024-04-21T16:17:09","date_gmt":"2024-04-21T16:17:09","guid":{"rendered":"http:\/\/www.lemu.at\/?page_id=1785"},"modified":"2024-08-30T08:50:36","modified_gmt":"2024-08-30T08:50:36","slug":"ortskunde","status":"publish","type":"page","link":"https:\/\/www.lemu.at\/?page_id=1785","title":{"rendered":"Ortskunde"},"content":{"rendered":"\t\t<div data-elementor-type=\"wp-page\" data-elementor-id=\"1785\" class=\"elementor elementor-1785\">\n\t\t\t\t\t\t\t<div class=\"elementor-element elementor-element-6eecdd95 e-con-full e-flex e-con e-parent\" data-id=\"6eecdd95\" data-element_type=\"container\" data-settings=\"{&quot;content_width&quot;:&quot;full&quot;,&quot;background_background&quot;:&quot;slideshow&quot;,&quot;background_slideshow_gallery&quot;:[{&quot;id&quot;:749,&quot;url&quot;:&quot;https:\\\/\\\/www.lemu.at\\\/wp-content\\\/uploads\\\/2024\\\/01\\\/4_Charoux-scaled.jpg&quot;},{&quot;id&quot;:750,&quot;url&quot;:&quot;https:\\\/\\\/www.lemu.at\\\/wp-content\\\/uploads\\\/2024\\\/01\\\/6_-Charoux-Junge-Menschen-scaled.jpg&quot;},{&quot;id&quot;:751,&quot;url&quot;:&quot;https:\\\/\\\/www.lemu.at\\\/wp-content\\\/uploads\\\/2024\\\/01\\\/LEMU_Aussenansicht_Foto-schultzschultz-scaled.jpg&quot;}],&quot;background_slideshow_loop&quot;:&quot;yes&quot;,&quot;background_slideshow_slide_duration&quot;:5000,&quot;background_slideshow_slide_transition&quot;:&quot;fade&quot;,&quot;background_slideshow_transition_duration&quot;:500}\" data-core-v316-plus=\"true\">\n\t\t\t\t<div class=\"elementor-element elementor-element-7acaa390 elementor-widget elementor-widget-heading\" data-id=\"7acaa390\" data-element_type=\"widget\" data-widget_type=\"heading.default\">\n\t\t\t\t<div class=\"elementor-widget-container\">\n\t\t\t<style>\/*! elementor - v3.16.0 - 20-09-2023 *\/\n.elementor-heading-title{padding:0;margin:0;line-height:1}.elementor-widget-heading .elementor-heading-title[class*=elementor-size-]>a{color:inherit;font-size:inherit;line-height:inherit}.elementor-widget-heading .elementor-heading-title.elementor-size-small{font-size:15px}.elementor-widget-heading .elementor-heading-title.elementor-size-medium{font-size:19px}.elementor-widget-heading .elementor-heading-title.elementor-size-large{font-size:29px}.elementor-widget-heading .elementor-heading-title.elementor-size-xl{font-size:39px}.elementor-widget-heading .elementor-heading-title.elementor-size-xxl{font-size:59px}<\/style><h1 class=\"elementor-heading-title elementor-size-default\">ORTSKUNDE<\/h1>\t\t<\/div>\n\t\t\t\t<\/div>\n\t\t\t\t<div class=\"elementor-element elementor-element-791a9b36 elementor-widget elementor-widget-spacer\" data-id=\"791a9b36\" data-element_type=\"widget\" data-widget_type=\"spacer.default\">\n\t\t\t\t<div class=\"elementor-widget-container\">\n\t\t\t<style>\/*! elementor - v3.16.0 - 20-09-2023 *\/\n.elementor-column .elementor-spacer-inner{height:var(--spacer-size)}.e-con{--container-widget-width:100%}.e-con-inner>.elementor-widget-spacer,.e-con>.elementor-widget-spacer{width:var(--container-widget-width,var(--spacer-size));--align-self:var(--container-widget-align-self,initial);--flex-shrink:0}.e-con-inner>.elementor-widget-spacer>.elementor-widget-container,.e-con>.elementor-widget-spacer>.elementor-widget-container{height:100%;width:100%}.e-con-inner>.elementor-widget-spacer>.elementor-widget-container>.elementor-spacer,.e-con>.elementor-widget-spacer>.elementor-widget-container>.elementor-spacer{height:100%}.e-con-inner>.elementor-widget-spacer>.elementor-widget-container>.elementor-spacer>.elementor-spacer-inner,.e-con>.elementor-widget-spacer>.elementor-widget-container>.elementor-spacer>.elementor-spacer-inner{height:var(--container-widget-height,var(--spacer-size))}.e-con-inner>.elementor-widget-spacer.elementor-widget-empty,.e-con>.elementor-widget-spacer.elementor-widget-empty{position:relative;min-height:22px;min-width:22px}.e-con-inner>.elementor-widget-spacer.elementor-widget-empty .elementor-widget-empty-icon,.e-con>.elementor-widget-spacer.elementor-widget-empty .elementor-widget-empty-icon{position:absolute;top:0;bottom:0;left:0;right:0;margin:auto;padding:0;width:22px;height:22px}<\/style>\t\t<div class=\"elementor-spacer\">\n\t\t\t<div class=\"elementor-spacer-inner\"><\/div>\n\t\t<\/div>\n\t\t\t\t<\/div>\n\t\t\t\t<\/div>\n\t\t\t\t<\/div>\n\t\t<div class=\"elementor-element elementor-element-147cb109 e-flex e-con-boxed e-con e-parent\" data-id=\"147cb109\" data-element_type=\"container\" data-settings=\"{&quot;background_background&quot;:&quot;gradient&quot;,&quot;content_width&quot;:&quot;boxed&quot;}\" data-core-v316-plus=\"true\">\n\t\t\t\t\t<div class=\"e-con-inner\">\n\t\t<div class=\"elementor-element elementor-element-925a1c2 e-con-full e-flex e-con e-child\" data-id=\"925a1c2\" data-element_type=\"container\" data-settings=\"{&quot;background_background&quot;:&quot;classic&quot;,&quot;content_width&quot;:&quot;full&quot;}\">\n\t\t\t\t<div class=\"elementor-element elementor-element-5971afac elementor-widget elementor-widget-heading\" data-id=\"5971afac\" data-element_type=\"widget\" data-widget_type=\"heading.default\">\n\t\t\t\t<div class=\"elementor-widget-container\">\n\t\t\t<h1 class=\"elementor-heading-title elementor-size-default\">Umfangreiche Sammlung<\/h1>\t\t<\/div>\n\t\t\t\t<\/div>\n\t\t\t\t<\/div>\n\t\t<div class=\"elementor-element elementor-element-4dffa5cf e-con-full e-flex e-con e-child\" data-id=\"4dffa5cf\" data-element_type=\"container\" data-settings=\"{&quot;background_background&quot;:&quot;classic&quot;,&quot;content_width&quot;:&quot;full&quot;}\">\n\t\t\t\t<div class=\"elementor-element elementor-element-3a90e831 elementor-widget__width-initial elementor-widget elementor-widget-text-editor\" data-id=\"3a90e831\" data-element_type=\"widget\" data-widget_type=\"text-editor.default\">\n\t\t\t\t<div class=\"elementor-widget-container\">\n\t\t\t<style>\/*! elementor - v3.16.0 - 20-09-2023 *\/\n.elementor-widget-text-editor.elementor-drop-cap-view-stacked .elementor-drop-cap{background-color:#69727d;color:#fff}.elementor-widget-text-editor.elementor-drop-cap-view-framed .elementor-drop-cap{color:#69727d;border:3px solid;background-color:transparent}.elementor-widget-text-editor:not(.elementor-drop-cap-view-default) .elementor-drop-cap{margin-top:8px}.elementor-widget-text-editor:not(.elementor-drop-cap-view-default) .elementor-drop-cap-letter{width:1em;height:1em}.elementor-widget-text-editor .elementor-drop-cap{float:left;text-align:center;line-height:1;font-size:50px}.elementor-widget-text-editor .elementor-drop-cap-letter{display:inline-block}<\/style>\t\t\t\t<p>an orts- und heimatkundlichen Objekten<\/p>\t\t\t\t\t\t<\/div>\n\t\t\t\t<\/div>\n\t\t\t\t<\/div>\n\t\t\t\t\t<\/div>\n\t\t\t\t<\/div>\n\t\t<div class=\"elementor-element elementor-element-3f3c1730 e-flex e-con-boxed e-con e-parent\" data-id=\"3f3c1730\" data-element_type=\"container\" data-settings=\"{&quot;background_background&quot;:&quot;classic&quot;,&quot;content_width&quot;:&quot;boxed&quot;}\" data-core-v316-plus=\"true\">\n\t\t\t\t\t<div class=\"e-con-inner\">\n\t\t\t\t<div class=\"elementor-element elementor-element-125f5bad elementor-widget elementor-widget-spacer\" data-id=\"125f5bad\" data-element_type=\"widget\" data-widget_type=\"spacer.default\">\n\t\t\t\t<div class=\"elementor-widget-container\">\n\t\t\t\t\t<div class=\"elementor-spacer\">\n\t\t\t<div class=\"elementor-spacer-inner\"><\/div>\n\t\t<\/div>\n\t\t\t\t<\/div>\n\t\t\t\t<\/div>\n\t\t\t\t\t<\/div>\n\t\t\t\t<\/div>\n\t\t<div class=\"elementor-element elementor-element-2feaa0e8 e-flex e-con-boxed e-con e-parent\" data-id=\"2feaa0e8\" data-element_type=\"container\" data-settings=\"{&quot;background_background&quot;:&quot;gradient&quot;,&quot;content_width&quot;:&quot;boxed&quot;}\" data-core-v316-plus=\"true\">\n\t\t\t\t\t<div class=\"e-con-inner\">\n\t\t<div class=\"elementor-element elementor-element-17547701 e-flex e-con-boxed e-con e-child\" data-id=\"17547701\" data-element_type=\"container\" data-settings=\"{&quot;background_background&quot;:&quot;classic&quot;,&quot;content_width&quot;:&quot;boxed&quot;}\">\n\t\t\t\t\t<div class=\"e-con-inner\">\n\t\t\t\t<div class=\"elementor-element elementor-element-277f0852 ekit-equal-height-disable elementor-widget elementor-widget-elementskit-image-box\" data-id=\"277f0852\" data-element_type=\"widget\" data-widget_type=\"elementskit-image-box.default\">\n\t\t\t\t<div class=\"elementor-widget-container\">\n\t\t\t<div class=\"ekit-wid-con\" >\n            <div class=\"elementskit-info-image-box ekit-image-box text-left simple-card\" >\n\n                \n                <div class=\"elementskit-box-header image-box-img-left\">\n\n                    \n                <\/div>\n                \n                <div class=\"elementskit-box-body ekit-image-box-body\">\n                    <div class=\"elementskit-box-content ekit-image-box-body-inner\">\n                                                <h3 class=\"elementskit-info-box-title\">\n\n                        Sammlung\n                        \n                    <\/h3>\n                                                            <div class=\"elementskit-box-style-content\">\n                        Das LANGENZERSDORF MUSEUM besitzt eine umfangreiche Sammlung an orts- und heimatkundlichen Objekten. Den roten Faden der Pr\u00e4sentation bilden Objekte und Kunstwerke mit spezifischem Bezug zu Langenzersdorf aus dem ersten Drittel des 20. Jahrhunderts, jene Zeit, in der auch der Bildhauer <b>Anton Hanak<\/b> (1875-1934) und der Keramiker <b>Eduard Klablena<\/b> (1881-1933) in Langenzersdorf lebten. Eigene Bereiche sind der Donau und den Schiffsm\u00fchlen, dem Alltag und der Festlichkeit in Langenzersdorf, dem Bisamberg und der Pfarrkirche St. Katharina gewidmet.<br><br>Die Malerin <b>Margarethe Ehrlich<\/b> (1882-1942) aus Langenzersdorf, die an der Wiener Kunstschule f\u00fcr Frauen und M\u00e4dchen bei Tina Blau studierte und mit Anton Hanak befreundet war, ist eine Chronistin des Lebens in Langenzersdorf von 1900 bis 1930. Ihre Gem\u00e4lde und Aquarelle der Donau, der Schiffsm\u00fchlen und des Langenzersdorfer Auwalds erinnern an eine vergangene Welt, die durch den Autobahnbau und den Bau des Entlastungsgerinnes in den 1970er- und 1980er-Jahren eine vollst\u00e4ndige Ver\u00e4nderung erfuhr: Der Entlastung der Ortsdurchfahrt von Langenzersdorf, verbesserter Mobilit\u00e4t und dem Schutz vor Hochwasser standen der Verlust an Lebens- und Erholungsraum und kulturellem Erbe gegen\u00fcber.<br><br>Der Alltag in Langenzersdorf wird in den eigens f\u00fcr das Museum gefertigten Modellen von <b>Hans Zidek<\/b> (1909-1993) deutlich: Das Modell des inzwischen abgetragenen Hauses Wiener Stra\u00dfe Nr. 33 ist ein Beispiel f\u00fcr die in einem Stra\u00dfendorf wie Langenzersdorf typische Form des Streckhofes. Das Modell des Schiffszugs auf der Donau veranschaulicht das f\u00fcr Schiffsleute und Pferde m\u00fchevolle und gef\u00e4hrliche Ziehen der Schiffe gegen den Strom. Das Modell einer Wetterschie\u00dfstation in den Bisamberger Weing\u00e4rten zeigt eine Wetterkanone zur Bek\u00e4mpfung von Hagelunwettern, wie sie Ende des 19. Jahrhunderts in der Bisamberg-Region \u2013 wenig erfolgreich \u2013 zum Einsatz kam.<br><br>Die fr\u00fchgotische und sp\u00e4ter barockisierte dreischiffige <b>Pfarrkirche St. Katharina<\/b>, die mit zahlreichen hochkar\u00e4tigen Kunstwerken ausgestattet ist, ist seit jeher Mittelpunkt des religi\u00f6sen und gesellschaftlichen Lebens in Langenzersdorf. Das seit einem Brand von 1817 bestehende provisorische Zeltdach des Glockenturmes wurde bei der Renovierung 1901\/02 durch einen Turmhelm ersetzt. Das Motiv der Schutzpatronin St. Katharina diente vor der Markterhebung im Jahr 1960 als Siegel f\u00fcr die Gemeinde Langenzersdorf.                    <\/div>\n                                    <\/div>\n\n                            <\/div>\n            <\/div>\n    <\/div>\t\t<\/div>\n\t\t\t\t<\/div>\n\t\t\t\t\t<\/div>\n\t\t\t\t<\/div>\n\t\t\t\t\t<\/div>\n\t\t\t\t<\/div>\n\t\t<div class=\"elementor-element elementor-element-221a249c e-flex e-con-boxed e-con e-parent\" data-id=\"221a249c\" data-element_type=\"container\" data-settings=\"{&quot;background_background&quot;:&quot;gradient&quot;,&quot;content_width&quot;:&quot;boxed&quot;}\" data-core-v316-plus=\"true\">\n\t\t\t\t\t<div class=\"e-con-inner\">\n\t\t<div class=\"elementor-element elementor-element-523e3737 e-flex e-con-boxed e-con e-child\" data-id=\"523e3737\" data-element_type=\"container\" data-settings=\"{&quot;background_background&quot;:&quot;classic&quot;,&quot;content_width&quot;:&quot;boxed&quot;}\">\n\t\t\t\t\t<div class=\"e-con-inner\">\n\t\t\t\t<div class=\"elementor-element elementor-element-67dbde2 elementor-widget elementor-widget-image\" data-id=\"67dbde2\" data-element_type=\"widget\" data-widget_type=\"image.default\">\n\t\t\t\t<div class=\"elementor-widget-container\">\n\t\t\t<style>\/*! elementor - v3.16.0 - 20-09-2023 *\/\n.elementor-widget-image{text-align:center}.elementor-widget-image a{display:inline-block}.elementor-widget-image a img[src$=\".svg\"]{width:48px}.elementor-widget-image img{vertical-align:middle;display:inline-block}<\/style>\t\t\t\t\t\t\t\t\t\t\t\t<img decoding=\"async\" loading=\"lazy\" width=\"666\" height=\"1000\" src=\"https:\/\/www.lemu.at\/wp-content\/uploads\/2024\/04\/ortskunde1.jpg\" class=\"attachment-medium_large size-medium_large wp-image-1791\" alt=\"\" srcset=\"https:\/\/www.lemu.at\/wp-content\/uploads\/2024\/04\/ortskunde1.jpg 666w, https:\/\/www.lemu.at\/wp-content\/uploads\/2024\/04\/ortskunde1-200x300.jpg 200w\" sizes=\"(max-width: 666px) 100vw, 666px\" \/>\t\t\t\t\t\t\t\t\t\t\t\t\t\t\t<\/div>\n\t\t\t\t<\/div>\n\t\t\t\t\t<\/div>\n\t\t\t\t<\/div>\n\t\t\t\t\t<\/div>\n\t\t\t\t<\/div>\n\t\t<div class=\"elementor-element elementor-element-4b60ddd0 e-flex e-con-boxed e-con e-parent\" data-id=\"4b60ddd0\" data-element_type=\"container\" data-settings=\"{&quot;background_background&quot;:&quot;gradient&quot;,&quot;content_width&quot;:&quot;boxed&quot;}\" data-core-v316-plus=\"true\">\n\t\t\t\t\t<div class=\"e-con-inner\">\n\t\t<div class=\"elementor-element elementor-element-593d77d2 e-flex e-con-boxed e-con e-child\" data-id=\"593d77d2\" data-element_type=\"container\" data-settings=\"{&quot;background_background&quot;:&quot;classic&quot;,&quot;content_width&quot;:&quot;boxed&quot;}\">\n\t\t\t\t\t<div class=\"e-con-inner\">\n\t\t\t\t<div class=\"elementor-element elementor-element-412988d9 ekit-equal-height-disable elementor-widget elementor-widget-elementskit-image-box\" data-id=\"412988d9\" data-element_type=\"widget\" data-widget_type=\"elementskit-image-box.default\">\n\t\t\t\t<div class=\"elementor-widget-container\">\n\t\t\t<div class=\"ekit-wid-con\" >\n            <div class=\"elementskit-info-image-box ekit-image-box text-left simple-card\" >\n\n                \n                <div class=\"elementskit-box-header image-box-img-left\">\n\n                    \n                <\/div>\n                \n                <div class=\"elementskit-box-body ekit-image-box-body\">\n                    <div class=\"elementskit-box-content ekit-image-box-body-inner\">\n                                                <h3 class=\"elementskit-info-box-title\">\n\n                        Pers\u00f6nlichkeiten\n                        \n                    <\/h3>\n                                                            <div class=\"elementskit-box-style-content\">\n                        <b>Joseph Saroba (1766-1845)<\/b><br>Wagnermeister und Ortsrichter, war ein wichtiger Langenzersdorfer Chronist, aber auch Humanist und Anh\u00e4nger der Aufkl\u00e4rung.<br><br><b>Leopold Chimani (Der J\u00fcngere) (1774-1844)<\/b><br>in Langenzersdorf geboren, Lehrer und Schuldirektor in Korneuburg, gilt als der erste bekannte Jugendschriftsteller \u00d6sterreichs.<br><br><b>Vinzenz Oskar Ludwig (1875-1959)<\/b><br>Augustiner-Chorherr im Stift Klosterneuburg, Gymnasialprofessor, Wissenschaftler und Schriftsteller, der seinen Lebensabend in Langenzersdorf verbrachte, taufte 1938 zahlreiche Juden und erm\u00f6glichte ihnen durch die Konvertierung die Ausreise.<br><br><b>Albin Salomon (1881-1945)<\/b><br>Augustiner-Chorherr, Maler und Zeichner, war von 1920 bis 1940 Pfarrer in Langenzersdorf.<br><br><b>Florian Berndl (1856-1934)<\/b><br>Naturheilkundler, Gr\u00fcnder der \u201eBerndl-Kolonie\u201c (eines Vorl\u00e4ufers des Strandbads G\u00e4nseh\u00e4ufel), lebte etwa ab 1910 als Einsiedler am Bisamberg und versuchte diesen als Kurort f\u00fcr \u00e4rmere Bev\u00f6lkerungsschichten (\u201eVolks-Semmering\u201c) zu etablieren.                    <\/div>\n                                    <\/div>\n\n                            <\/div>\n            <\/div>\n    <\/div>\t\t<\/div>\n\t\t\t\t<\/div>\n\t\t\t\t\t<\/div>\n\t\t\t\t<\/div>\n\t\t\t\t\t<\/div>\n\t\t\t\t<\/div>\n\t\t<div class=\"elementor-element elementor-element-3feb3083 e-flex e-con-boxed e-con e-parent\" data-id=\"3feb3083\" data-element_type=\"container\" data-settings=\"{&quot;background_background&quot;:&quot;gradient&quot;,&quot;content_width&quot;:&quot;boxed&quot;}\" data-core-v316-plus=\"true\">\n\t\t\t\t\t<div class=\"e-con-inner\">\n\t\t\t\t<div class=\"elementor-element elementor-element-6d6d3b96 elementor-widget elementor-widget-spacer\" data-id=\"6d6d3b96\" data-element_type=\"widget\" data-widget_type=\"spacer.default\">\n\t\t\t\t<div class=\"elementor-widget-container\">\n\t\t\t\t\t<div class=\"elementor-spacer\">\n\t\t\t<div class=\"elementor-spacer-inner\"><\/div>\n\t\t<\/div>\n\t\t\t\t<\/div>\n\t\t\t\t<\/div>\n\t\t\t\t\t<\/div>\n\t\t\t\t<\/div>\n\t\t<div class=\"elementor-element elementor-element-6762f413 e-flex e-con-boxed e-con e-parent\" data-id=\"6762f413\" data-element_type=\"container\" data-settings=\"{&quot;background_background&quot;:&quot;classic&quot;,&quot;content_width&quot;:&quot;boxed&quot;}\" data-core-v316-plus=\"true\">\n\t\t\t\t\t<div class=\"e-con-inner\">\n\t\t\t\t\t<\/div>\n\t\t\t\t<\/div>\n\t\t\t\t\t\t\t<\/div>\n\t\t","protected":false},"excerpt":{"rendered":"<p>ORTSKUNDE Umfangreiche Sammlung an orts- und heimatkundlichen Objekten Sammlung Das LANGENZERSDORF MUSEUM besitzt eine umfangreiche Sammlung an orts- und heimatkundlichen Objekten. Den roten Faden der Pr\u00e4sentation bilden Objekte und Kunstwerke mit spezifischem Bezug zu Langenzersdorf aus dem ersten Drittel des 20. Jahrhunderts, jene Zeit, in der auch der Bildhauer Anton Hanak (1875-1934) und der Keramiker [&hellip;]<\/p>\n","protected":false},"author":1,"featured_media":0,"parent":0,"menu_order":0,"comment_status":"closed","ping_status":"closed","template":"","meta":{"footnotes":""},"_links":{"self":[{"href":"https:\/\/www.lemu.at\/index.php?rest_route=\/wp\/v2\/pages\/1785"}],"collection":[{"href":"https:\/\/www.lemu.at\/index.php?rest_route=\/wp\/v2\/pages"}],"about":[{"href":"https:\/\/www.lemu.at\/index.php?rest_route=\/wp\/v2\/types\/page"}],"author":[{"embeddable":true,"href":"https:\/\/www.lemu.at\/index.php?rest_route=\/wp\/v2\/users\/1"}],"replies":[{"embeddable":true,"href":"https:\/\/www.lemu.at\/index.php?rest_route=%2Fwp%2Fv2%2Fcomments&post=1785"}],"version-history":[{"count":25,"href":"https:\/\/www.lemu.at\/index.php?rest_route=\/wp\/v2\/pages\/1785\/revisions"}],"predecessor-version":[{"id":1968,"href":"https:\/\/www.lemu.at\/index.php?rest_route=\/wp\/v2\/pages\/1785\/revisions\/1968"}],"wp:attachment":[{"href":"https:\/\/www.lemu.at\/index.php?rest_route=%2Fwp%2Fv2%2Fmedia&parent=1785"}],"curies":[{"name":"wp","href":"https:\/\/api.w.org\/{rel}","templated":true}]}}